{"id":8,"date":"2017-12-03T18:12:41","date_gmt":"2017-12-03T18:12:41","guid":{"rendered":"http:\/\/occhi-freunde-oberschwaben.de\/?page_id=8"},"modified":"2022-10-24T09:53:21","modified_gmt":"2022-10-24T09:53:21","slug":"ueber-uns","status":"publish","type":"page","link":"http:\/\/occhi-freunde-oberschwaben.de\/","title":{"rendered":"\u00dcber uns"},"content":{"rendered":"<p>Wir sind eine Gruppe von ca. 15 Frauen, die eine gemeinsame Leidenschaft verbindet:\u00a0<strong>Occhi!<\/strong><\/p>\n<p>Wir treffen uns regelm\u00e4\u00dfig, um uns auszutauschen und um sich an dem gemeinsamen Hobby zu erfreuen. Unser Motto lautet n\u00e4mlich:<\/p>\n<p style=\"text-align: center;\"><strong>&#8222;Geteilte Freude ist doppelte Freude&#8220;<\/strong><\/p>\n<p>Selbstverst\u00e4ndlich helfen wir uns gegenseitig, wenn es mal das eine oder das andere Problemchen gibt. Die Gruppe wurde 2009 durch Elisabeth Dobler ins Leben gerufen.<\/p>\n","protected":false},"excerpt":{"rendered":"<p>Wir sind eine Gruppe von ca. 15 Frauen, die eine gemeinsame Leidenschaft verbindet:\u00a0Occhi! Wir treffen uns regelm\u00e4\u00dfig, um uns auszutauschen und um sich an dem gemeinsamen Hobby zu erfreuen. Unser Motto lautet n\u00e4mlich: &#8222;Geteilte Freude ist doppelte Freude&#8220; Selbstverst\u00e4ndlich helfen wir uns gegenseitig, wenn es mal das eine oder das andere Problemchen gibt. Die Gruppe &hellip; <\/p>\n<p class=\"link-more\"><a href=\"http:\/\/occhi-freunde-oberschwaben.de\/\" class=\"more-link\"><span class=\"screen-reader-text\">\u201e\u00dcber uns\u201c<\/span> weiterlesen<\/a><\/p>\n","protected":false},"author":1,"featured_media":0,"parent":0,"menu_order":0,"comment_status":"closed","ping_status":"closed","template":"","meta":{"footnotes":""},"class_list":["post-8","page","type-page","status-publish","hentry"],"_links":{"self":[{"href":"http:\/\/occhi-freunde-oberschwaben.de\/index.php?rest_route=\/wp\/v2\/pages\/8","targetHints":{"allow":["GET"]}}],"collection":[{"href":"http:\/\/occhi-freunde-oberschwaben.de\/index.php?rest_route=\/wp\/v2\/pages"}],"about":[{"href":"http:\/\/occhi-freunde-oberschwaben.de\/index.php?rest_route=\/wp\/v2\/types\/page"}],"author":[{"embeddable":true,"href":"http:\/\/occhi-freunde-oberschwaben.de\/index.php?rest_route=\/wp\/v2\/users\/1"}],"replies":[{"embeddable":true,"href":"http:\/\/occhi-freunde-oberschwaben.de\/index.php?rest_route=%2Fwp%2Fv2%2Fcomments&post=8"}],"version-history":[{"count":6,"href":"http:\/\/occhi-freunde-oberschwaben.de\/index.php?rest_route=\/wp\/v2\/pages\/8\/revisions"}],"predecessor-version":[{"id":96,"href":"http:\/\/occhi-freunde-oberschwaben.de\/index.php?rest_route=\/wp\/v2\/pages\/8\/revisions\/96"}],"wp:attachment":[{"href":"http:\/\/occhi-freunde-oberschwaben.de\/index.php?rest_route=%2Fwp%2Fv2%2Fmedia&parent=8"}],"curies":[{"name":"wp","href":"https:\/\/api.w.org\/{rel}","templated":true}]}}