{"id":12,"date":"2017-12-03T18:12:41","date_gmt":"2017-12-03T18:12:41","guid":{"rendered":"http:\/\/occhi-freunde-oberschwaben.de\/?page_id=12"},"modified":"2025-03-12T06:58:39","modified_gmt":"2025-03-12T06:58:39","slug":"ausstellungen","status":"publish","type":"page","link":"https:\/\/occhi-freunde-oberschwaben.de\/?page_id=12","title":{"rendered":"Ausstellungen"},"content":{"rendered":"<p><strong>31.08.2025 Kinderwerkstatt &#8222;Garn und Faden&#8220; im Museumsdorf in K\u00fcrnbach (bei Bad Schussenried)<\/strong><\/p>\n<p><strong>13.07.2025 Woll- und Stoffmarkt im Museumsdorf in K\u00fcrnbach (bei Bad Schussenried)<\/strong><\/p>\n<p><strong>09.06.2025 Handarbeitstag im Museumsdorf in Wolfegg<\/strong><\/p>\n<p><strong>21.03.-22.03.2025 Ostereiermarkt in Wangen im Allg\u00e4u<\/strong><\/p>\n<p><strong>11.10.-13.10.2024 Spitzenkongress des Vereins f\u00fcr Kl\u00f6ppeln und Textile Spitzen<\/strong>\u00a0in \u00d6sterreich im St.-Florian-Stift (bei Linz)<\/p>\n<p><strong>28.07.2024 Woll- und Stoffmarkt<\/strong> im Museumsdorf in K\u00fcrnbach bei Bad Schussenried<\/p>\n<p><strong>28.07.2024 offene Handarbeitsrunde<\/strong> im Rahmen des Woll- und Stoffmarktes im Museumsdorf in K\u00fcrnbach bei Bad Schussenried<br \/>\nDie Idee ist, dass viele Handarbeitende ihre Projekte (Sticken, Stricken, H\u00e4keln, Kl\u00f6ppeln, Occhi&#8230;&#8230;) mitbringen und in einem gro\u00dfen Kreis unter Obstb\u00e4umen an ihren Projekten weiterarbeiten um dabei untereinander und mit Besucher*innen ins Gespr\u00e4ch zu kommen. Anmeldung unter:<br \/>\nwww.museumsdorf-kuernbach.de\/stoffmarkt<\/p>\n<p><strong>15.-16.06.2024 Spitzenvielfalt in Leutkirch im Allg\u00e4u<\/strong><\/p>\n<p><strong>28.04.2024 Kinderwerkstatt &#8222;Garn und Faden&#8220;<\/strong> im Museumsdorf in K\u00fcrnbach bei Bad Schussenried<\/p>\n<p><strong>12.01. bis 29.03.2024 Dauerausstellung im Karl-Mayer-Werkstattmuseum in Obertshausen<\/strong><\/p>\n<p>&nbsp;<\/p>\n<p>&nbsp;<\/p>\n<p>&nbsp;<\/p>\n","protected":false},"excerpt":{"rendered":"<p>31.08.2025 Kinderwerkstatt &#8222;Garn und Faden&#8220; im Museumsdorf in K\u00fcrnbach (bei Bad Schussenried) 13.07.2025 Woll- und Stoffmarkt im Museumsdorf in K\u00fcrnbach (bei Bad Schussenried) 09.06.2025 Handarbeitstag im Museumsdorf in Wolfegg 21.03.-22.03.2025 Ostereiermarkt in Wangen im Allg\u00e4u 11.10.-13.10.2024 Spitzenkongress des Vereins f\u00fcr Kl\u00f6ppeln und Textile Spitzen\u00a0in \u00d6sterreich im St.-Florian-Stift (bei Linz) 28.07.2024 Woll- und Stoffmarkt im Museumsdorf &hellip; <\/p>\n<p class=\"link-more\"><a href=\"https:\/\/occhi-freunde-oberschwaben.de\/?page_id=12\" class=\"more-link\"><span class=\"screen-reader-text\">\u201eAusstellungen\u201c<\/span> weiterlesen<\/a><\/p>\n","protected":false},"author":1,"featured_media":0,"parent":0,"menu_order":0,"comment_status":"closed","ping_status":"closed","template":"","meta":{"footnotes":""},"class_list":["post-12","page","type-page","status-publish","hentry"],"_links":{"self":[{"href":"https:\/\/occhi-freunde-oberschwaben.de\/index.php?rest_route=\/wp\/v2\/pages\/12","targetHints":{"allow":["GET"]}}],"collection":[{"href":"https:\/\/occhi-freunde-oberschwaben.de\/index.php?rest_route=\/wp\/v2\/pages"}],"about":[{"href":"https:\/\/occhi-freunde-oberschwaben.de\/index.php?rest_route=\/wp\/v2\/types\/page"}],"author":[{"embeddable":true,"href":"https:\/\/occhi-freunde-oberschwaben.de\/index.php?rest_route=\/wp\/v2\/users\/1"}],"replies":[{"embeddable":true,"href":"https:\/\/occhi-freunde-oberschwaben.de\/index.php?rest_route=%2Fwp%2Fv2%2Fcomments&post=12"}],"version-history":[{"count":14,"href":"https:\/\/occhi-freunde-oberschwaben.de\/index.php?rest_route=\/wp\/v2\/pages\/12\/revisions"}],"predecessor-version":[{"id":452,"href":"https:\/\/occhi-freunde-oberschwaben.de\/index.php?rest_route=\/wp\/v2\/pages\/12\/revisions\/452"}],"wp:attachment":[{"href":"https:\/\/occhi-freunde-oberschwaben.de\/index.php?rest_route=%2Fwp%2Fv2%2Fmedia&parent=12"}],"curies":[{"name":"wp","href":"https:\/\/api.w.org\/{rel}","templated":true}]}}